e remainder when 4681872 is divided by 32513?
0
What is the remainder when 261501 is divided by 1206?
1005
Calculate the remainder when 4285169 is divided by 19478.
9
What is the remainder when 1671372 is divided by 4199?
170
Calculate the remainder when 741516 is divided by 102.
78
What is the remainder when 87840533 is divided by 57?
56
What is the remainder when 663207 is divided by 22008?
2967
Calculate the remainder when 154853 is divided by 6713.
454
What is the remainder when 134261 is divided by 593?
243
Calculate the remainder when 2428851 is divided by 97154.
1
Calculate the remainder when 260819760 is divided by 79.
75
What is the remainder when 7796760 is divided by 7?
6
Calculate the remainder when 53223 is divided by 1167.
708
Calculate the remainder when 144749398 is divided by 977.
9
What is the remainder when 116423 is divided by 1574?
1521
Calculate the remainder when 57438171 is divided by 16.
11
Calculate the remainder when 86676 is divided by 17329.
31
Calculate the remainder when 36162949 is divided by 971.
967
Calculate the remainder when 318653943 is divided by 117.
114
Calculate the remainder when 40458 is divided by 2246.
30
Calculate the remainder when 1332761 is divided by 22.
1
What is the remainder when 43689671 is divided by 16?
7
Calculate the remainder when 58426260 is divided by 2601.
2598
What is the remainder when 1953096315 is divided by 31?
29
What is the remainder when 775698549 is divided by 24?
21
What is the remainder when 2956503 is divided by 71?
63
Calculate the remainder when 141943 is divided by 1259.
935
Calculate the remainder when 202242 is divided by 609.
54
What is the remainder when 15389466 is divided by 166?
104
What is the remainder when 1960625 is divided by 653512?
89
Calculate the remainder when 1083045 is divided by 54152.
5
Calculate the remainder when 10447852 is divided by 38411.
60
Calculate the remainder when 9370 is divided by 1857.
85
What is the remainder when 1465290 is divided by 100?
90
What is the remainder when 3553428 is divided by 47378?
78
What is the remainder when 347809 is divided by 1800?
409
Calculate the remainder when 9658919 is divided by 1094.
1087
Calculate the remainder when 59181739 is divided by 708.
19
What is the remainder when 949114 is divided by 948736?
378
What is the remainder when 68814 is divided by 1702?
734
What is the remainder when 7116 is divided by 50?
16
Calculate the remainder when 497331 is divided by 7768.
179
Calculate the remainder when 172661247 is divided by 18.
9
What is the remainder when 173326 is divided by 96?
46
What is the remainder when 8491352 is divided by 4245672?
8
What is the remainder when 932486 is divided by 3098?
3086
Calculate the remainder when 3803138 is divided by 131142.
20
What is the remainder when 10380657 is divided by 4676?
4613
What is the remainder when 535355 is divided by 657?
557
Calculate the remainder when 475001 is divided by 1393.
1381
Calculate the remainder when 5750872 is divided by 667.
665
What is the remainder when 78728 is divided by 39330?
68
Calculate the remainder when 5140648 is divided by 125381.
27
Calculate the remainder when 2129373 is divided by 1727.
1709
What is the remainder when 1215986 is divided by 3368?
138
Calculate the remainder when 534267 is divided by 55.
52
Calculate the remainder when 2701879 is divided by 675389.
323
Calculate the remainder when 1867780 is divided by 9.
1
What is the remainder when 383089 is divided by 19705?
8694
Calculate the remainder when 2940092 is divided by 81.
35
What is the remainder when 84614487 is divided by 307689?
12
Calculate the remainder when 65309705 is divided by 166.
159
Calculate the remainder when 65637117 is divided by 1124.
13
Calculate the remainder when 291302 is divided by 289.
279
What is the remainder when 5719890 is divided by 2?
0
Calculate the remainder when 1916518 is divided by 159709.
10
What is the remainder when 95447 is divided by 10430?
1577
What is the remainder when 5049 is divided by 2853?
2196
What is the remainder when 2924289 is divided by 124?
121
What is the remainder when 3128761 is divided by 2441?
1840
What is the remainder when 27786522 is divided by 154?
148
What is the remainder when 148574 is divided by 310?
84
What is the remainder when 10439092 is divided by 4804?
0
What is the remainder when 22793 is divided by 1756?
1721
Calculate the remainder when 455856 is divided by 21613.
1983
What is the remainder when 267865533 is divided by 71?
70
Calculate the remainder when 15727211 is divided by 4329.
4283
What is the remainder when 2208206 is divided by 20?
6
What is the remainder when 196410 is divided by 1504?
890
Calculate the remainder when 14378 is divided by 2091.
1832
What is the remainder when 5022 is divided by 4681?
341
Calculate the remainder when 61301777 is divided by 556.
553
Calculate the remainder when 380936 is divided by 6518.
2892
What is the remainder when 965395 is divided by 482562?
271
Calculate the remainder when 8532420 is divided by 393.
390
Calculate the remainder when 12042202 is divided by 926316.
94
What is the remainder when 65270760 is divided by 2621?
2618
Calculate the remainder when 20186329 is divided by 8932.
9
Calculate the remainder when 552827 is divided by 899.
841
Calculate the remainder when 327301 is divided by 1031.
474
Calculate the remainder when 6668864 is divided by 38.
16
Calculate the remainder when 682358 is divided by 346.
46
What is the remainder when 559302767 is divided by 12154?
12149
What is the remainder when 991576 is divided by 65?
1
What is the remainder when 2135939 is divided by 328?
3
What is the remainder when 2376135 is divided by 19318?
21
Calculate the remainder when 107687071 is divided by 6094.
6091
Calculate the remainder when 162365 is divided by 81169.
27
What is the remainder when 234569 is divided by 6334?
211
Calculate the remainder when 7879276 is divided by 301.
300
Calculate the remainder when 5161973 is divided by 573508.
401
Calculate the remainder when 6792928 is divided by 737.
736
What is the remainder when 3783751 is divided by 756747?
16
Calculate the remainder when 421041 is divided by 23.
3
Calculate the remainder when 1805046 is divided by 1805034.
12
What is the remainder when 1021342 is divided by 1857?
1849
What is the remainder when 896248 is divided by 896117?
131
What is the remainder when 22905678 is divided by 154?
26
Calculate the remainder when 720483 is divided by 240151.
30
Calculate the remainder when 5658550 is divided by 669.
148
Calculate the remainder when 7987494 is divided by 5621.
53
What is the remainder when 38053572 is divided by 7610712?
12
Calculate the remainder when 378588131 is divided by 708.
707
What is the remainder when 280072010 is divided by 2398?
2396
What is the remainder when 10333475 is divided by 3444490?
5
What is the remainder when 8576982 is divided by 857693?
52
Calculate the remainder when 755992 is divided by 2319.
2317
Calculate the remainder when 3034908 is divided by 46683.
513
Calculate the remainder when 14564 is divided by 662.
0
Calculate the remainder when 2827739 is divided by 9332.
143
What is the remainder when 3491865 is divided by 1745930?
5
What is the remainder when 131783484 is divided by 507?
495
What is the remainder when 202912 is divided by 1082?
578
What is the remainder when 63505646 is divided by 3342402?
8
Calculate the remainder when 182295 is divided by 8638.
897
What is the remainder when 371059 is divided by 954?
907
What is the remainder when 27767349 is divided by 33?
27
What is the remainder when 40795559 is divided by 46?
45
What is the remainder when 901016 is divided by 45048?
56
Calculate the remainder when 37356085 is divided by 115.
60
What is the remainder when 2105989 is divided by 30?
19
What is the remainder when 593971 is divided by 197990?
1
What is the remainder when 5464531 is divided by 2732259?
13
What is the remainder when 5830062 is divided by 683?
657
What is the remainder when 130824 is divided by 65222?
380
What is the remainder when 61831 is divided by 30676?
479
What is the remainder when 840808 is divided by 30?
28
Calculate the remainder when 22420692 is divided by 622796.
36
Calculate the remainder when 16